 144 is divided by (45/(-2) - -8)*(1 + -3).
28
Suppose -27*w = -17*w - 1490. Calculate the remainder when w is divided by 38.
35
Suppose 5*w - 3*w - 4*c = 4, 4*w - c - 8 = 0. Suppose 3*d - 126 = -z + 43, -z = w*d - 114. What is the remainder when d is divided by 14?
13
Suppose 3*j - 31 = -2*b + 115, -3*b + 226 = j. What is the remainder when b is divided by 26?
24
Let a = 37 - 32. What is the remainder when a is divided by 3?
2
Suppose -20 = -5*m - 0, 4*w - 28 = 3*m. Calculate the remainder when (-12)/(-42) + 124/7 is divided by w.
8
Calculate the remainder when (-157)/3*60/(-20) is divided by 10.
7
Suppose 4*v + 3*g = 4*g + 49, 2*g + 62 = 5*v. Calculate the remainder when v is divided by 5.
2
Suppose -3*d - 108 - 11 = -5*m, m + 2*d - 16 = 0. Suppose 4*b = 2*t + 28, -t = 2*b - 0*t - m. Calculate the remainder when 2/5 - (-83)/5 is divided by b.
8
Suppose -2*u + 12 = -q, 5*q = -2*u + u + 17. Suppose 2*s - u*s = -5. Let v = -5 - -7. What is the remainder when v is divided by s?
0
Let h(m) = m + 6. Calculate the remainder when 357/33 - 2/(-11) is divided by h(0).
5
Let w(k) = 7*k**2 - 5*k + 1. Calculate the remainder when 207 is divided by w(2).
17
Let w = 255 - 213. What is the remainder when 209 is divided by w?
41
Let d(u) = u**3 + 6*u**2 + 7*u + 1. Let b be d(-5). Let t = 6 - b. Calculate the remainder when 57 is divided by t.
12
Let k(j) = 2*j**2 + 9*j + 2. Let i be k(-6). Suppose z - 6 = a, z - 11 = -4*a + i. Calculate the remainder when 43 is divided by z.
10
Let t(i) be the second derivative of 0 + 1/12*i**4 - 3*i + 0*i**3 + 2*i**2. Calculate the remainder when t(-6) is divided by 14.
12
Let l(p) = p**2 + 10*p - 6. Let s be l(-9). Let u = 26 + s. What is the remainder when u is divided by 6?
5
Let r(x) = -x**2 + 8*x - 8. Let d be r(7). What is the remainder when d/((2 + -5)/207) is divided by 24?
21
Suppose -21*r - 10 = -26*r. What is the remainder when 6 is divided by r?
0
Let i(s) = -s**2 + s + 1. Let c be i(4). Calculate the remainder when 41 is divided by (2/(-2))/(1/c).
8
Let r(o) = 44*o**2 - 2*o + 3. Let h be r(2). Suppose 0 = q - 4, -5*v = 4*q - 621 + h. Calculate the remainder when v is divided by 22.
20
Let m = 59 + -47. Suppose 20 = y + c, -4*y + 2*y + 38 = 4*c. What is the remainder when y is divided by m?
9
Let a be 164/24 + (-2)/(-12). Suppose -4*w - 4*h = 12, -w = -h - 3*h - a. What is the remainder when w/(-2) - 15/(-2) is divided by 5?
3
Suppose -g = v - 19, 4 = -5*g + 5*v + 119. Let a(u) = -u**2 + 8*u - 9. Let z be a(6). Let p = g - z. What is the remainder when 35 is divided by p?
17
Let q(m) = 14*m**3 + m**2 - m. Suppose -5*v = 4*o + 2 + 19, o - 6 = v. Let c = 78 - 38. What is the remainder when c is divided by q(o)?
12
Suppose -8*b + 5*b = -21. Suppose q - 14 = -2. Suppose 0 = 3*n - 24 - q. What is the remainder when n is divided by b?
5
Suppose -5*g + 2*d = -5, g - 3*d - 5 = -4. What is the remainder when 3 is divided by g?
0
Suppose 5*u - 2*u + 36 = 3*l, l = -5*u + 18. What is the remainder when l is divided by 4?
1
Let t(w) = 2*w**2 - 22*w + 33. Calculate the remainder when 76 is divided by t(10).
11
Let a = 24 + -7. Let k(n) = n**3 - n**2 + 32. Suppose s = -2*s. Calculate the remainder when k(s) is divided by a.
15
What is the remainder when (3 + 54/30)*(-10)/(-3) is divided by 6?
4
Let r(f) = -26*f. Suppose 3*q = q - 2. Calculate the remainder when r(q) is divided by 14.
12
Suppose q + 12 = 16. Let y(f) = f**3 - 4*f**2 + 2*f + 2. What is the remainder when y(q) is divided by 2?
0
What is the remainder when ((-33)/12)/((-7)/84) is divided by 17?
16
Let y = 16 + 14. What is the remainder when y is divided by 17?
13
Suppose -5*n + 16 = -69. Calculate the remainder when (-5)/10 - (-67)/2 is divided by n.
16
Calculate the remainder when 34 is divided by 17 + 5*5/25.
16
Suppose l + 3*l + 5*u = -300, 3*l + 218 = -2*u. Let y be 6/9 + l/(-3). Suppose g = 3*k + 2*g - 28, 2*k - y = 2*g. What is the remainder when 19 is divided by k?
9
Let z(j) = -j + 1. Let c be z(-3). Suppose -5*r = 3*t - 181, 0 = -c*r + t + t + 136. Calculate the remainder when r is divided by 9.
8
Suppose 0*q - 2*q + 28 = 0. Let z be (90/21)/(2/q). Suppose a + 5*x - 33 = -2*a, 0 = -4*a - 2*x + z. What is the remainder when a is divided by 2?
0
Suppose -2*s = s - 15. Suppose 4*u - 2*j = 54, s*u - 70 = 3*j + 2*j. Calculate the remainder when (-70)/(-3) - (-2)/3 is divided by u.
11
Suppose -3*t + 6*t - 9 = 0. Suppose 0 = n + t*n - 28. Let b(g) = 20*g**3 - 2*g**2 + g. Calculate the remainder when b(1) is divided by n.
5
Suppose -5*l + 54 = 4. Let n = 27 - -7. Suppose -2*q + 14 = -2*m, -m - 3*m = -5*q + n. What is the remainder when l is divided by q?
4
Suppose 0 = -v + 4*a + 17, -5*v - 2*a + 0 = 3. What is the remainder when (v*19)/(-2 + 3) is divided by 11?
8
Suppose -2*p = -4*p + 42. Calculate the remainder when p is divided by 6.
3
Let u = 25 - 11. Suppose 5*o + 15 = 3*a - 17, a = -3*o + 6. Let b = a - -16. What is the remainder when b is divided by u?
11
Let k(r) = 8*r**2 - r. Suppose -4*h - 4 + 12 = 0. Let d = h - 3. What is the remainder when k(d) is divided by 5?
4
Suppose -2*w + 1 = i - 4*w, 6 = 3*i - 3*w. Suppose -2*t - 11 = -i*t. What is the remainder when t is divided by 4?
3
Suppose 8 = 5*r - 7*r. Let x = r - -6. Suppose -2 = -2*n - 4*s + 5*s, -x*s = -2*n. What is the remainder when n is divided by 1?
0
What is the remainder when (-4)/(-14) - 1028/(-28) is divided by -19*(-2 + 1 + 0)?
18
Suppose 9 = -3*m + 39. What is the remainder when 78 is divided by m?
8
Let o = -11 + 15. Let v = 25 + o. What is the remainder when v is divided by 16?
13
Suppose -2*u - 2*u + 3*d + 24 = 0, 8 = 4*u + d. Suppose 68 = 3*z - 205. Calculate the remainder when 350/z + (-4)/(-26) is divided by u.
1
Let q = -66 + 98. Suppose -3*a + 5*l + q = 0, 5*l = 5*a - 4 - 36. Suppose -2*u = 3*u - 15. What is the remainder when a is divided by u?
1
Suppose 4*u - 254 = q, -3*q - 130 = -2*u - 4*q. Let p(v) = 8*v + 8. Let x(k) = k. Let s(g) = -p(g) + 5*x(g). What is the remainder when u is divided by s(-10)?
20
Let u(w) = -5*w. Let p be u(-3). Let g = -11 + p. What is the remainder when g is divided by (-3)/18 + (-76)/(-24)?
1
Let a(u) = -3*u + 19. What is the remainder when 35 is divided by a(5)?
3
Let k(y) = -y**3 - 6*y**2 + 6*y - 4. Let s be k(-7). Let b be 12 + -1 + 12/(-6)*1. What is the remainder when b*(1 + 2/s) is divided by 6?
3
Let z(d) = d**3 + 7*d**2 - 10*d - 11. Let q be z(-8). Let r be (2 - (2 - -1))*-10. Suppose -q*f - 85 = -r*f. What is the remainder when f is divided by 6?
5
Suppose 5*y - 5 = 0, 361 = 3*m + 2*m + y. Suppose -m = s - 2*s. Let h = s + -38. Calculate the remainder when h is divided by 12.
10
Let r = 11 - 2. Let k = -28 + 54. Calculate the remainder when k is divided by r.
8
Let f(w) = -6*w - 14. Let l(c) = -c**3 - 3*c**2 + 6*c - 4. Let i be (-2 - 0)*10/4. What is the remainder when f(-10) is divided by l(i)?
14
Suppose -15 = -4*q + 17. Let s = 23 - 8. What is the remainder when s is divided by q?
7
Let w = 66 + -60. Suppose 0 = -4*s - 3*l + 28, 0 = -5*s - l + 30 - 6. What is the remainder when w is divided by s?
2
Suppose c = 5, 2*c = 5*u + c - 130. Calculate the remainder when 105 is divided by u.
24
Suppose -3*v + 8*v = 20. Suppose -v*j - 12 + 4 = 0. What is the remainder when j/(-5) + (-116)/(-10) is divided by 7?
5
Suppose t + t - 2*s = 10, 2 = -2*t - 2*s. Suppose -2*r = -2*x - 4, -2*r = t*x + x - 9. What is the remainder when 5 is divided by r?
2
Let d(v) = -v + 4. Let i be d(4). Suppose 3*f + w - 5*w - 55 = i, -4*w + 36 = 4*f. Calculate the remainder when 23 is divided by f.
10
What is the remainder when 21 + -2*1 - 39/13 is divided by 10?
6
Suppose 0 = -5*h + 6*h - 9. Let d(i) = 25*i**2 - i - 1. Calculate the remainder when d(-1) is divided by h.
7
Let g(a) = a**3 + 8*a**2 - 2*a - 6. Let u(v) = 2*v + 5. Let i be u(-4). Let f be (-1)/i - (-75)/(-9). What is the remainder when 37 is divided by g(f)?
7
Suppose b = 2*y + 74, 4*b + 0*b + y - 251 = 0. What is the remainder when b is divided by 33?
31
Suppose 0 = 4*i - 38 - 58. Let u(w) = 3*w**2 + 3*w + 2. Let k be u(-3). Suppose 19 + k = 3*r. What is the remainder when i is divided by r?
11
Suppose 4*t - 49 = 7. Calculate the remainder when t is divided by 5.
4
Let k(w) = w**2 + w + 16. Let h(x) = 2